 is the highest common divisor of 132 and 165?
33
What is the greatest common factor of 114 and 76?
38
Calculate the greatest common factor of 875 and 140.
35
Calculate the greatest common divisor of 18470 and 20.
10
What is the highest common divisor of 208 and 112?
16
Calculate the greatest common divisor of 98 and 42.
14
Calculate the highest common factor of 4 and 69.
1
What is the greatest common factor of 4042 and 141?
47
Calculate the greatest common divisor of 13 and 130.
13
What is the highest common factor of 117 and 99?
9
What is the highest common factor of 18 and 144?
18
What is the greatest common divisor of 162 and 1314?
18
Calculate the highest common divisor of 102 and 174.
6
What is the highest common divisor of 187 and 33?
11
Calculate the greatest common divisor of 876 and 24.
12
What is the highest common divisor of 152 and 24?
8
What is the highest common factor of 1178 and 62?
62
What is the greatest common factor of 28 and 126?
14
Calculate the greatest common factor of 703 and 185.
37
Calculate the greatest common divisor of 629 and 51.
17
Calculate the highest common factor of 49 and 2548.
49
Calculate the greatest common divisor of 24 and 792.
24
What is the highest common factor of 4707 and 9?
9
Calculate the highest common factor of 3718 and 66.
22
Calculate the greatest common factor of 299 and 253.
23
What is the greatest common divisor of 12 and 268?
4
Calculate the greatest common divisor of 1085 and 112.
7
Calculate the greatest common factor of 253 and 33.
11
Calculate the greatest common factor of 54 and 1593.
27
Calculate the greatest common factor of 46 and 1058.
46
What is the greatest common divisor of 500 and 15?
5
What is the highest common divisor of 1558 and 410?
82
What is the highest common divisor of 112 and 4?
4
Calculate the highest common divisor of 161 and 46.
23
Calculate the greatest common factor of 572 and 1404.
52
Calculate the greatest common factor of 192 and 1248.
96
Calculate the greatest common divisor of 66 and 14817.
33
What is the highest common factor of 41 and 1189?
41
Calculate the greatest common factor of 2574 and 1188.
198
What is the highest common factor of 42 and 154?
14
What is the highest common factor of 8 and 236?
4
Calculate the highest common factor of 53 and 1113.
53
What is the highest common divisor of 24 and 18?
6
Calculate the highest common factor of 938 and 98.
14
What is the greatest common divisor of 548 and 1233?
137
What is the highest common factor of 18 and 738?
18
What is the greatest common factor of 576 and 120?
24
Calculate the greatest common factor of 21 and 189.
21
Calculate the greatest common factor of 22 and 429.
11
What is the highest common factor of 786 and 12?
6
What is the highest common divisor of 1166 and 66?
22
What is the greatest common divisor of 115 and 150?
5
Calculate the highest common divisor of 108 and 4239.
27
Calculate the greatest common factor of 315 and 135.
45
Calculate the greatest common factor of 98 and 21.
7
Calculate the greatest common divisor of 162 and 297.
27
What is the greatest common factor of 155 and 25730?
155
What is the greatest common divisor of 68280 and 120?
120
Calculate the greatest common factor of 11 and 99792.
11
Calculate the greatest common divisor of 25596 and 54.
54
What is the highest common factor of 70 and 320?
10
Calculate the greatest common factor of 413 and 21.
7
Calculate the highest common factor of 106 and 477.
53
What is the highest common divisor of 8625 and 115?
115
Calculate the highest common factor of 170 and 68.
34
What is the greatest common factor of 14 and 27?
1
Calculate the highest common factor of 94 and 235.
47
What is the greatest common divisor of 85 and 1700?
85
What is the highest common factor of 45 and 144?
9
Calculate the greatest common factor of 25837 and 7.
7
Calculate the greatest common divisor of 1837 and 22.
11
What is the greatest common factor of 57 and 912?
57
What is the greatest common factor of 3 and 84?
3
Calculate the highest common divisor of 377 and 203.
29
What is the highest common factor of 237 and 21567?
237
What is the highest common divisor of 88 and 429?
11
What is the highest common divisor of 1260 and 3990?
210
What is the highest common divisor of 3509 and 6061?
319
What is the greatest common divisor of 25 and 9?
1
Calculate the greatest common divisor of 408 and 24.
24
What is the highest common divisor of 98 and 6?
2
Calculate the highest common factor of 824 and 4017.
103
Calculate the greatest common divisor of 57 and 399.
57
What is the highest common divisor of 135 and 75?
15
Calculate the highest common factor of 1080 and 290.
10
Calculate the highest common factor of 549 and 18.
9
Calculate the greatest common divisor of 21 and 3556.
7
Calculate the greatest common factor of 19 and 1102.
19
Calculate the highest common factor of 2981 and 132.
11
What is the greatest common factor of 114 and 1539?
57
What is the greatest common factor of 25909 and 13?
13
Calculate the highest common factor of 1935 and 180.
45
Calculate the greatest common factor of 8 and 748.
4
What is the greatest common divisor of 192 and 648?
24
What is the greatest common factor of 11 and 297?
11
Calculate the highest common factor of 474 and 15721.
79
Calculate the highest common divisor of 590 and 20.
10
What is the highest common factor of 75850 and 50?
50
What is the greatest common divisor of 56 and 1358?
14
Calculate the highest common factor of 8 and 82.
2
What is the greatest common divisor of 5 and 185?
5
What is the greatest common divisor of 20 and 250?
10
What is the greatest common divisor of 95 and 5130?
95
What is the greatest common factor of 1272 and 36?
12
Calculate the greatest common factor of 4 and 47.
1
What is the greatest common divisor of 253 and 1815?
11
What is the highest common divisor of 4248 and 234?
18
What is the highest common factor of 306 and 3570?
102
Calculate the greatest common divisor of 1034 and 6862.
94
Calculate the greatest common factor of 90 and 405.
45
What is the greatest common divisor of 714 and 420?
42
What is the highest common divisor of 80 and 170?
10
What is the highest common divisor of 858 and 78?
78
What is the highest common divisor of 75 and 315?
15
Calculate the greatest common divisor of 3081 and 948.
237
What is the highest common divisor of 20 and 365?
5
What is the greatest common divisor of 8 and 1328?
8
Calculate the greatest common factor of 52 and 64.
4
Calculate the highest common factor of 575 and 4485.
115
What is the highest common divisor of 3102 and 33?
33
Calculate the highest common divisor of 13287 and 129.
129
Calculate the highest common factor of 14 and 86.
2
Calculate the greatest common factor of 116 and 58.
58
Calculate the highest common divisor of 289 and 17.
17
Calculate the greatest common divisor of 3080 and 620.
20
What is the highest common divisor of 13 and 247?
13
Calculate the highest common divisor of 9 and 702.
9
What is the highest common divisor of 319 and 1073?
29
Calculate the highest common divisor of 26 and 104.
26
What is the highest common divisor of 485 and 1067?
97
Calculate the greatest common factor of 188 and 8.
4
What is the highest common divisor of 3725 and 175?
25
Calculate the highest common divisor of 285 and 15.
15
What is the highest common divisor of 48 and 156?
12
What is the highest common factor of 810 and 330?
30
Calculate the greatest common divisor of 1411 and 166.
83
Calculate the highest common factor of 80 and 40.
40
What is the highest common divisor of 360 and 26760?
120
Calculate the highest common divisor of 21 and 14.
7
Calculate the highest common divisor of 871 and 650.
13
What is the greatest common divisor of 24 and 64?
8
Calculate the greatest common divisor of 594 and 110.
22
Calculate the greatest common factor of 1074 and 78.
6
Calculate the greatest common factor of 32816 and 112.
112
What is the greatest common factor of 280 and 42?
14
Calculate the greatest common factor of 610 and 122.
122
Calculate the highest common factor of 1751 and 17.
17
Calculate the highest common factor of 140 and 7.
7
Calculate the greatest common factor of 60 and 96.
12
What is the highest common divisor of 372 and 12?
12
Calculate t